{"id":82,"date":"2017-05-08T19:24:11","date_gmt":"2017-05-08T17:24:11","guid":{"rendered":"http:\/\/etienneporhel.fr\/?page_id=82"},"modified":"2024-01-21T12:38:14","modified_gmt":"2024-01-21T11:38:14","slug":"etienne-porhel","status":"publish","type":"page","link":"https:\/\/etienneporhel.fr\/?page_id=82","title":{"rendered":"Parcours"},"content":{"rendered":"<p align=\"JUSTIFY\"><span style=\"font-family: Cochin;\"><span style=\"font-size: large;\"><span style=\"color: #000000;\">Apr\u00e8s une carri\u00e8re sportive, une formation initiale et un travail dans le domaine de l&rsquo;entrainement sportif et de l&rsquo;\u00e9ducation physique, j&rsquo;ai souhait\u00e9 poursuivre des \u00e9tudes en psychologie clinique afin d&rsquo;approfondir ma compr\u00e9hension du fonctionnement humain, questionner les liens entre sant\u00e9 mentale et sant\u00e9 physique et d\u00e9velopper d&rsquo;autres comp\u00e9tences pour accompagner les personnes dans leur reconstruction et leur d\u00e9veloppement. A pr\u00e9sent mon\u00a0activit\u00e9 professionnelle\u00a0s\u2019articule autour de<\/span><span style=\"color: #000000;\">\u00a0<\/span><span style=\"color: #000000;\">diff\u00e9rents axes:<\/span><\/span><\/span><\/p>\n<p align=\"JUSTIFY\">\u00a0<\/p>\n<p align=\"JUSTIFY\"><span style=\"color: #000000;\">\u00a0<\/span><strong><span style=\"color: #000000;\"><span style=\"font-family: Cochin;\"><span style=\"font-size: large;\">La psychologie clinique:<\/span><\/span><\/span><\/strong><span style=\"color: #000000;\"><span style=\"font-family: Cochin;\"><span style=\"font-size: large;\">\u00a0avec la proposition d\u2019un travail th\u00e9rapeutique en cabinet lib\u00e9ral, \u00e0 domicile (pour les personnes \u00e0 mobilit\u00e9 r\u00e9duite), aupr\u00e8s d&rsquo;associations ou en institution. <\/span><\/span><\/span><span style=\"color: #000000;\"><span style=\"font-family: Cochin;\"><span style=\"font-size: large;\">Dans ce cadre, je suis amen\u00e9 \u00e0 intervenir aupr\u00e8s de diff\u00e9rents publics:<\/span><\/span><\/span><span style=\"color: #000000;\"><span style=\"font-family: Cochin;\"><span style=\"font-size: large;\"> des personnes pr\u00e9sentant des pathologies chroniques ou aig\u00fces (cancer, diab\u00e8te, scl\u00e9rose en plaque&#8230;), des addictions, des probl\u00e8mes d&rsquo;anxi\u00e9t\u00e9, de d\u00e9pression et autres troubles psychiques, aupr\u00e8s de jeunes en situation de mal-\u00eatre, de personnes \u00e2g\u00e9es confront\u00e9es \u00e0 la perte d&rsquo;autonomie, au handicap, aupr\u00e8s de femmes et d&rsquo;enfants victimes de violences intra-familiales&#8230;<\/span><\/span><\/span><\/p>\n<p align=\"JUSTIFY\"><strong><span style=\"font-family: Cochin;\"><span style=\"font-size: large;\">Mon approche th\u00e9rapeutique se veut int\u00e9grative et puise aux sources des th\u00e9rapies humanistes, des th\u00e9rapies cognitives, comportementales et \u00e9motionnelles et des approches de pleine conscience. Ce travail en co-construction tente de s&rsquo;ajuster au mieux aux probl\u00e9matiques et aux demandes des personnes qui viennent consulter.<\/span><\/span><\/strong><\/p>\n<p align=\"JUSTIFY\">\u00a0<\/p>\n<p align=\"JUSTIFY\"><strong><span style=\"color: #000000;\">\u00a0 <\/span><\/strong><strong><span style=\"color: #000000;\"><span style=\"font-family: Cochin;\"><span style=\"font-size: large;\"><b>Des ateliers individuels ou collectifs privil\u00e9giant une approche centr\u00e9e sur le corps et le mental\u00a0:\u00a0<\/b><\/span><\/span><\/span><\/strong><span style=\"color: #000000;\"><span style=\"font-family: Cochin;\"><span style=\"font-size: large;\">en utilisant les approches de pleine conscience (Programmes MBSR et MBCT) , <a href=\"https:\/\/www.franceinter.fr\/emissions\/grand-bien-vous-fasse\/grand-bien-vous-fasse-22-mai-2017\">le yoga <\/a>et la relaxation. L&rsquo;objet de ces ateliers est de d\u00e9velopper une pr\u00e9sence attentive \u00e0 soi, d&rsquo;exp\u00e9rimenter des outils de r\u00e9duction du stress (aux niveaux physique, \u00e9motionnel et cognitif), de renouer un dialogue avec le corps v\u00e9cu au pr\u00e9sent et positivement.\u00a0<\/span><\/span><\/span><\/p>\n<p>\u00a0<\/p>\n\n\n<\/p>\n<p align=\"JUSTIFY\">\n\n\n<p>\u00a0<\/p>\n<p align=\"JUSTIFY\">\u00a0<\/p>\n<p align=\"JUSTIFY\">\u00a0<\/p>\n<p style=\"text-align: left;\"><strong><span style=\"color: #000000;\"><span style=\"font-family: Cochin;\"><span style=\"font-size: large;\">Pour mes activit\u00e9s professionnelles je suis enregistr\u00e9 aupr\u00e8s de l&rsquo;agence r\u00e9gionale de sant\u00e9 (ARS) et en tant qu&rsquo;auto-entrepreneur:<\/span><\/span><\/span><\/strong><\/p>\n<p>\u00a0<\/p>\n<p><span style=\"color: #473a1e;\"><span style=\"font-family: Cochin;\"><span style=\"font-size: x-large;\"><strong><span style=\"color: #000000;\"><span style=\"font-size: large;\">\u00a0 \u00a0 \u00a0 \u00a0 \u00a0 \u00a0 \u00a0 \u00a0 \u00a0 \u00a0 \u00a0 \u00a0 \u00a0 \u00a0 \u00a0 \u00a0 \u00a0 \u00a0 \u00a0 \u00a0 \u00a0 \u00a0 \u00a0 \u00a0 \u00a0 \u00a0 \u00a0 \u00a0 \u00a0N\u00b0 ADELI\u00a0: 35 93 20 44 7<\/span><\/span><\/strong><\/span><\/span><\/span><br \/><strong><span style=\"color: #000000;\"><span style=\"font-family: Cochin;\"><span style=\"font-size: large;\">\u00a0 \u00a0 \u00a0 \u00a0 \u00a0 \u00a0 \u00a0 \u00a0 \u00a0 \u00a0 \u00a0 \u00a0 \u00a0 \u00a0 \u00a0 \u00a0 \u00a0 \u00a0 \u00a0 \u00a0 \u00a0 \u00a0 \u00a0 \u00a0 \u00a0 \u00a0 \u00a0 \u00a0 \u00a0N\u00b0 SIRET\u00a0: 81998726400028<\/span><\/span><\/span><\/strong><\/p>\n<p align=\"JUSTIFY\">\u00a0<\/p>","protected":false},"excerpt":{"rendered":"<p>Apr\u00e8s une carri\u00e8re sportive, une formation initiale et un travail dans le domaine de l&rsquo;entrainement sportif et de l&rsquo;\u00e9ducation physique, j&rsquo;ai souhait\u00e9 poursuivre des \u00e9tudes en psychologie clinique afin d&rsquo;approfondir ma compr\u00e9hension du fonctionnement humain, questionner les liens entre sant\u00e9 mentale et sant\u00e9 physique et d\u00e9velopper d&rsquo;autres comp\u00e9tences pour accompagner les personnes dans leur reconstruction &hellip; <\/p>\n<p class=\"link-more\"><a href=\"https:\/\/etienneporhel.fr\/?page_id=82\" class=\"more-link\">Continuer la lecture<span class=\"screen-reader-text\"> de &laquo;&nbsp;Parcours&nbsp;&raquo;<\/span><\/a><\/p>\n","protected":false},"author":1,"featured_media":0,"parent":0,"menu_order":0,"comment_status":"closed","ping_status":"closed","template":"","meta":[],"_links":{"self":[{"href":"https:\/\/etienneporhel.fr\/index.php?rest_route=\/wp\/v2\/pages\/82"}],"collection":[{"href":"https:\/\/etienneporhel.fr\/index.php?rest_route=\/wp\/v2\/pages"}],"about":[{"href":"https:\/\/etienneporhel.fr\/index.php?rest_route=\/wp\/v2\/types\/page"}],"author":[{"embeddable":true,"href":"https:\/\/etienneporhel.fr\/index.php?rest_route=\/wp\/v2\/users\/1"}],"replies":[{"embeddable":true,"href":"https:\/\/etienneporhel.fr\/index.php?rest_route=%2Fwp%2Fv2%2Fcomments&post=82"}],"version-history":[{"count":58,"href":"https:\/\/etienneporhel.fr\/index.php?rest_route=\/wp\/v2\/pages\/82\/revisions"}],"predecessor-version":[{"id":550,"href":"https:\/\/etienneporhel.fr\/index.php?rest_route=\/wp\/v2\/pages\/82\/revisions\/550"}],"wp:attachment":[{"href":"https:\/\/etienneporhel.fr\/index.php?rest_route=%2Fwp%2Fv2%2Fmedia&parent=82"}],"curies":[{"name":"wp","href":"https:\/\/api.w.org\/{rel}","templated":true}]}}

<p align="JUSTIFY"><span style="font-family: Cochin;"><span style="font-size: large;"><span style="color: #000000;">Après une carrière sportive, une formation initiale et un travail dans le domaine de l&rsquo;entrainement sportif et de l&rsquo;éducation physique, j&rsquo;ai souhaité poursuivre des études en psychologie clinique afin d&rsquo;approfondir ma compréhension du fonctionnement humain, questionner les liens entre santé mentale et santé physique et développer d&rsquo;autres compétences pour accompagner les personnes dans leur reconstruction et leur développement. A présent mon activité professionnelle s’articule autour de</span><span style="color: #000000;"> </span><span style="color: #000000;">différents axes:</span></span></span></p>
<p align="JUSTIFY"> </p>
<p align="JUSTIFY"><span style="color: #000000;"> </span><strong><span style="color: #000000;"><span style="font-family: Cochin;"><span style="font-size: large;">La psychologie clinique:</span></span></span></strong><span style="color: #000000;"><span style="font-family: Cochin;"><span style="font-size: large;"> avec la proposition d’un travail thérapeutique en cabinet libéral, à domicile (pour les personnes à mobilité réduite), auprès d&rsquo;associations ou en institution. </span></span></span><span style="color: #000000;"><span style="font-family: Cochin;"><span style="font-size: large;">Dans ce cadre, je suis amené à intervenir auprès de différents publics:</span></span></span><span style="color: #000000;"><span style="font-family: Cochin;"><span style="font-size: large;"> des personnes présentant des pathologies chroniques ou aigües (cancer, diabète, sclérose en plaque&#8230;), des addictions, des problèmes d&rsquo;anxiété, de dépression et autres troubles psychiques, auprès de jeunes en situation de mal-être, de personnes âgées confrontées à la perte d&rsquo;autonomie, au handicap, auprès de femmes et d&rsquo;enfants victimes de violences intra-familiales&#8230;</span></span></span></p>
<p align="JUSTIFY"><strong><span style="font-family: Cochin;"><span style="font-size: large;">Mon approche thérapeutique se veut intégrative et puise aux sources des thérapies humanistes, des thérapies cognitives, comportementales et émotionnelles et des approches de pleine conscience. Ce travail en co-construction tente de s&rsquo;ajuster au mieux aux problématiques et aux demandes des personnes qui viennent consulter.</span></span></strong></p>
<p align="JUSTIFY"> </p>
<p align="JUSTIFY"><strong><span style="color: #000000;">  </span></strong><strong><span style="color: #000000;"><span style="font-family: Cochin;"><span style="font-size: large;"><b>Des ateliers individuels ou collectifs privilégiant une approche centrée sur le corps et le mental : </b></span></span></span></strong><span style="color: #000000;"><span style="font-family: Cochin;"><span style="font-size: large;">en utilisant les approches de pleine conscience (Programmes MBSR et MBCT) , <a href="https://www.franceinter.fr/emissions/grand-bien-vous-fasse/grand-bien-vous-fasse-22-mai-2017">le yoga </a>et la relaxation. L&rsquo;objet de ces ateliers est de développer une présence attentive à soi, d&rsquo;expérimenter des outils de réduction du stress (aux niveaux physique, émotionnel et cognitif), de renouer un dialogue avec le corps vécu au présent et positivement. </span></span></span></p>
<p> </p>


</p>
<p align="JUSTIFY">


<p> </p>
<p align="JUSTIFY"> </p>
<p align="JUSTIFY"> </p>
<p style="text-align: left;"><strong><span style="color: #000000;"><span style="font-family: Cochin;"><span style="font-size: large;">Pour mes activités professionnelles je suis enregistré auprès de l&rsquo;agence régionale de santé (ARS) et en tant qu&rsquo;auto-entrepreneur:</span></span></span></strong></p>
<p> </p>
<p><span style="color: #473a1e;"><span style="font-family: Cochin;"><span style="font-size: x-large;"><strong><span style="color: #000000;"><span style="font-size: large;">                                                         N° ADELI : 35 93 20 44 7</span></span></strong></span></span></span><br /><strong><span style="color: #000000;"><span style="font-family: Cochin;"><span style="font-size: large;">                                                         N° SIRET : 81998726400028</span></span></span></strong></p>
<p align="JUSTIFY"> </p>

<p>Après une carrière sportive, une formation initiale et un travail dans le domaine de l&rsquo;entrainement sportif et de l&rsquo;éducation physique, j&rsquo;ai souhaité poursuivre des études en psychologie clinique afin d&rsquo;approfondir ma compréhension du fonctionnement humain, questionner les liens entre santé mentale et santé physique et développer d&rsquo;autres compétences pour accompagner les personnes dans leur reconstruction &hellip; </p>
<p class="link-more"><a href="https://etienneporhel.fr/?page_id=82" class="more-link">Continuer la lecture<span class="screen-reader-text"> de &laquo;&nbsp;Parcours&nbsp;&raquo;</span></a></p>
